sor of i and 561.
33
Let f be (-1 - 21/(-24)) + (-1801)/(-8). Calculate the highest common factor of 9 and f.
9
Let c(q) = q**3 - 5*q**2 + 3*q - 3. Let r be c(5). What is the greatest common factor of 102 and r?
6
Let b be (-21)/6*-2 - 3. Calculate the highest common divisor of b and 436.
4
Let i(m) = m**2 - 26*m + 34. Let n be i(25). Let k be 4 + (-1)/(2/(-4)). What is the greatest common factor of n and k?
3
Let l = -716 + 1271. Calculate the greatest common divisor of l and 60.
15
Let w(k) = -10*k**3 + k**2 + 28*k + 41. Let s be w(-3). What is the highest common factor of 649 and s?
59
Suppose -65 = -t - 3*z, 10*z = -3*t + 5*z + 183. What is the greatest common divisor of t and 1064?
56
Suppose g = -0*g - 5*r + 26, 3*g - 48 = -5*r. Suppose -119*z = -120*z + 9. Suppose 0 = g*s - z*s - 26. Calculate the greatest common divisor of s and 104.
13
Let d be 44/3*(-3)/(-2). Let k(o) = o**2 + 12*o + 20. Let v be k(0). Suppose -v*m + 19*m = -55. Calculate the highest common factor of m and d.
11
Let l be (-31)/(372/(-144)) + 176. Calculate the greatest common divisor of 799 and l.
47
Suppose 589*l + 13741 = 596*l. What is the greatest common divisor of 13 and l?
13
Suppose 75 = -4*u + 5*u. Suppose 4*j + 5*d + 0*d = 125, -130 = -5*j - d. What is the greatest common factor of j and u?
25
Let x = 119 + 2. Let b(y) = y**3 + 5*y**2 + y - 1. Let f be b(-4). What is the highest common factor of x and f?
11
Let h be (1/(-2))/(4/(-80)). Suppose 0*p + 50 = 2*a - 5*p, -4*a = -p - 82. Suppose -3*u + a = 2*u. Calculate the highest common factor of h and u.
2
Let m(r) = -r**3 - 6*r**2 + 7*r - 9. Let p be m(-8). Calculate the greatest common divisor of 168 and p.
21
Let k be ((-2233)/(-33))/(4/12). What is the highest common factor of k and 7?
7
Let y(g) = 11*g - 5. Let q be y(1). Suppose -s + a - 2*a = 0, 2*a + 4 = -s. Suppose 2 = f, s*d + d + 4*f - 53 = 0. What is the highest common factor of d and q?
3
Let j(r) = -7*r + 97. Let a be j(6). What is the greatest common factor of 1375 and a?
55
Let x(i) = i**3 + 19*i**2 + 15*i - 21. Let g be x(-18). Let k = 174 - 171. Calculate the highest common divisor of k and g.
3
Suppose 16 - 64 = -2*p. Let f be ((-210)/56)/((-1)/p). Calculate the greatest common factor of 36 and f.
18
Suppose -4*p + 172 = -a - 3*a, 2*a = -6. Suppose 5*w + c = 4, 4*c = -3*w + 2*w - 3. Let u be w/((-2)/(4 + -14)). What is the highest common divisor of p and u?
5
Suppose -a + 115 = 5*q, -a + 7 = -5*q - 138. Calculate the highest common divisor of a and 1170.
130
Suppose -3*o - 5*q = 27, -3*q + 85 = -5*o + 2*q. Let u be (-1 - 0)/(2/o). Suppose 11*t - 3*t = 112. Calculate the highest common factor of u and t.
7
Let d(y) = 3*y**2 - 9*y - 207. Let p be d(25). Calculate the greatest common divisor of p and 111.
111
Let p(t) = t**3 - 6*t**2 - 13. Let a be p(9). What is the highest common factor of a and 46?
46
Suppose 5*u - 3*t - 1099 - 204 = 0, 4*t = -u + 256. What is the greatest common factor of 104 and u?
52
Let m be -2*1*(-27)/18. Let x be (8/(-12))/((-1)/m). Suppose 6 = 2*c + x*j, 3*c + 4*j + 2 = 13. What is the highest common divisor of c and 3?
1
Let f be 4/14*49/(-21)*-6. Suppose -w = -0*v - 3*v + 137, v + w - 39 = 0. What is the highest common factor of v and f?
4
Suppose 0 = -2*o + o + 98. Let c be (174/(-203))/(-6*4/784). Calculate the greatest common divisor of o and c.
14
Let z be ((-66)/5)/(5/((-1050)/9)). Calculate the highest common divisor of 252 and z.
28
Let x be (2 - 232/(-12))/(2/12). Let g = x + -116. Suppose 132 = -0*j + j. Calculate the greatest common factor of j and g.
12
Let z = -13 - -13. Suppose -3*p - 2*o + 130 = 0, z = -0*p + p - 5*o - 32. What is the highest common divisor of 6 and p?
6
Let p(g) = -22*g - 27. Let s be p(-9). Let u = s + -115. What is the greatest common factor of u and 8?
8
Let m(h) = h**2 - 2*h - 549. Let y be m(25). What is the highest common factor of y and 650?
26
Let h be ((-21)/12)/(1/(-8)). Suppose 5*o = 5*r + 729 - 49, -3*o = 5*r + 680. Let t = -10 - r. What is the highest common divisor of h and t?
14
Let d = -305 + 461. What is the highest common divisor of 260 and d?
52
Let p = 504 + -496. What is the greatest common divisor of p and 88?
8
Let k(d) = -14*d - 329. Let x be k(-43). Calculate the highest common divisor of 26 and x.
13
Suppose -2*z - 7 = 5*g - 1, 2*z + g = 2. Suppose 2*k = -0*k + 2*f + 220, -3*k + z*f = -328. Calculate the greatest common factor of k and 27.
27
Let k = -44 - -65. Suppose -8*y + k = -5*y - r, -y - 3*r = 3. Calculate the greatest common divisor of y and 54.
6
Let p be (-2)/(-2)*18 - 1. Suppose -r + 0*r + c + 48 = 0, 0 = 3*r - 4*c - 141. Calculate the greatest common divisor of r and p.
17
Suppose -k = 2*k - 30. Suppose k*r = r + 270. Calculate the highest common divisor of r and 90.
30
Suppose x - 10 = -2*i, -12*x = i - 7*x - 14. Calculate the greatest common factor of i and 96.
4
Let b = -275 + 483. Calculate the greatest common divisor of b and 39.
13
Let q = -1794 + 1168. Let y = q + 890. Suppose 0 = -4*v + 58*v - 1296. Calculate the greatest common divisor of v and y.
24
Suppose 0 = -438*w + 453*w - 21450. Calculate the greatest common divisor of 220 and w.
110
Suppose -u - 4*c + 64 = 0, 0 = -5*u - 4*c + c + 405. Suppose -12 = -2*q + 100. Calculate the highest common factor of q and u.
28
Suppose 0 = 5*d - 9 + 59. Let b be (-2 + 1 - d/50)*-25. Calculate the greatest common factor of 4 and b.
4
Let g = 106 - 101. Suppose -2 = -r - d, -9*r + 20 = -4*r - g*d. Calculate the greatest common factor of 21 and r.
3
Let k be (2 + 10/(-4))*(-1 + -31). Let t = 67 - 3. What is the highest common divisor of t and k?
16
Suppose 3 = 4*k - 3*a - 22, k - 5*a - 2 = 0. What is the highest common factor of k and 49?
7
Suppose 66 = 7*o - 4*o. Calculate the highest common divisor of 176 and o.
22
Suppose -2*n - 52 = -6*n. Suppose 10 = -4*h + 2, -46 = -4*v + 3*h. Suppose 0 = 15*d - v*d - 520. What is the greatest common divisor of n and d?
13
Let d(j) = 5*j**3 + 11*j**2 - 20*j - 3. Let r be d(3). Calculate the highest common divisor of r and 19.
19
Let o be (-135)/(-6)*(-136)/(-12). Let l be (24/30)/(6/o). Calculate the greatest common factor of 68 and l.
34
Suppose -11*c - 162 = -17*c. What is the highest common factor of 1026 and c?
27
Let h(x) = 2*x + 30. Let v be h(-13). Suppose -2 = -q + g, g + v = -0*q + 2*q. Calculate the highest common factor of 2 and q.
2
Let y(o) = 3*o. Let i be y(1). Suppose -3*s - i = -6. Let v = 8 - s. Calculate the greatest common divisor of 63 and v.
7
Suppose o - 3*i - 1223 + 250 = 0, 4*o - 3918 = -i. Let v be o/11 + (-3 - -2)*-1. Calculate the greatest common divisor of v and 9.
9
Suppose 164*k - 50184 = 128*k. Calculate the greatest common divisor of k and 34.
34
Let v be (-20)/16 - 702/(-24). Calculate the greatest common divisor of 364 and v.
28
Let c(u) = u - 6 + u + 0*u. Let o be c(14). Let n be 1/(-3) - 265/(-3). What is the highest common divisor of n and o?
22
Let g(p) = 5*p**2 - 2*p + 1. Let a be g(1). Suppose -r = -h - 46, -a*r = -3*h + 1 - 184. What is the highest common divisor of r and 9?
9
Let b = 65 + -33. Suppose 0 = -4*t + 3*q + 72, 4*t - 4*q - 108 = -b. What is the greatest common divisor of t and 15?
15
Suppose -3*w + 4*l = 4, w - 6*w + 4*l = 4. Let t be (-28)/8 - 2/(-4). Let v be 56 + w/(6/t). What is the greatest common factor of v and 7?
7
Suppose -3*m = 2*m + 5*k - 320, 4*m = -5*k + 256. Suppose 5*s - 3*s - 116 = 0. Suppose 4*w - 6 = s. Calculate the greatest common divisor of m and w.
16
Suppose 17*j - 48 = 9*j. Suppose 64 = l - z, 0 = l - 3*l - 4*z + 104. Calculate the highest common factor of j and l.
6
Suppose -567 = -15*c - 162. What is the highest common factor of 225 and c?
9
Suppose 0*n - 8 = -4*n. Let b(z) be the first derivative of 9*z**4/4 + z**2/2 + z - 80. Let g be b(n). What is the greatest common divisor of 30 and g?
15
Suppose 0 = 38*s - 45*s + 252. Calculate the greatest common divisor of s and 60.
12
Suppose 0 = 2*b - 4*o + 14, -b + 5 = o - 0*o. Suppose -w + 9 = p, 4*p - 3*w - b = -0. Suppose 5*s = -39 + 239. What is the highest common divisor of s and p?
4
Let f = 99 + -39. Suppose -2*o - 11 = h - 28, 3*h - 15 = 0. Calculate the greatest common factor of o and f.
6
Let o be (24/2)/(9/6). Let g(m) = -11*m